{"id":716,"date":"2026-03-12T19:51:49","date_gmt":"2026-03-12T18:51:49","guid":{"rendered":"https:\/\/ajwear.pl\/?post_type=product&#038;p=716"},"modified":"2026-04-07T17:33:31","modified_gmt":"2026-04-07T15:33:31","slug":"716","status":"publish","type":"product","link":"https:\/\/ajwear.pl\/?product=716","title":{"rendered":"Minimalistyczna koszula Polo Ralph Lauren M Slim Fit 100% oxford cotton"},"content":{"rendered":"<p><strong>\ud83d\udccf WYMIARY (cm):<\/strong><\/p>\n<ul>\n<li><strong>A.<\/strong> Od pachy do pachy: 53cm<\/li>\n<li><strong>B.<\/strong> Szeroko\u015b\u0107 w ramionach: 45cm<\/li>\n<li><strong>C.<\/strong> D\u0142ugo\u015b\u0107 ca\u0142kowita: 78cm<\/li>\n<li><strong>D.<\/strong> D\u0142ugo\u015b\u0107 r\u0119kawa (od ramienia): 65cm<\/li>\n<li><strong>E.<\/strong> D\u0142ugo\u015b\u0107 r\u0119kawa (od pachy): 54cm<\/li>\n<\/ul>\n<p><strong>\u2702\ufe0f STAN I WADY:<\/strong><br \/>\nStan: Bardzo dobry \/ Idealny<br \/>\nWady: Brak<\/p>\n<p><strong>\ud83d\udca1 STYL\u00d3WKA:<\/strong><br \/>\nDo czego s\u0142u\u017cy: Casual daily\/ Formalne spotkanie<br \/>\nDo jakich kolor\u00f3w pasuje: Czarny\/Be\u017cowy\/Bia\u0142y<\/p>\n<hr \/>\n<p><strong>JAK MIERZYMY? (Schemat):<\/strong><br \/>\n<img decoding=\"async\" style=\"max-width: 100%; height: auto; margin-top: 10px; border: 1px solid #ccc; border-radius: 4px;\" src=\"https:\/\/ajwear.pl\/wp-content\/uploads\/2026\/02\/7f06573b-1c57-497f-8fad-3d7e79539f66.jpg\" alt=\"Schemat mierzenia\" \/><\/p>\n","protected":false},"excerpt":{"rendered":"<p>Minimalistyczna koszula Polo Ralph Lauren M Slim Fit 100% oxford cotton idealna na codzie\u0144 jak i formalne spotkania, bawe\u0142na oxford 100% czyli bardziej sztywny, mi\u0119sisty materia\u0142. Stan koszuli oceniam na 9,5.10.<\/p>\n<p>Brak plam pod pachami czy na karku, brak dziurek, przetar\u0107 materia\u0142u.<\/p>\n","protected":false},"featured_media":704,"comment_status":"open","ping_status":"closed","template":"","meta":{"site-sidebar-layout":"default","site-content-layout":"","ast-site-content-layout":"default","site-content-style":"default","site-sidebar-style":"default","ast-global-header-display":"","ast-banner-title-visibility":"","ast-main-header-display":"","ast-hfb-above-header-display":"","ast-hfb-below-header-display":"","ast-hfb-mobile-header-display":"","site-post-title":"","ast-breadcrumbs-content":"","ast-featured-img":"","footer-sml-layout":"","ast-disable-related-posts":"","theme-transparent-header-meta":"default","adv-header-id-meta":"","stick-header-meta":"","header-above-stick-meta":"","header-main-stick-meta":"","header-below-stick-meta":"","astra-migrate-meta-layouts":"set","ast-page-background-enabled":"default","ast-page-background-meta":{"desktop":{"background-color":"var(--ast-global-color-5)","background-image":"","background-repeat":"repeat","background-position":"center center","background-size":"auto","background-attachment":"scroll","background-type":"","background-media":"","overlay-type":"","overlay-color":"","overlay-opacity":"","overlay-gradient":""},"tablet":{"background-color":"","background-image":"","background-repeat":"repeat","background-position":"center center","background-size":"auto","background-attachment":"scroll","background-type":"","background-media":"","overlay-type":"","overlay-color":"","overlay-opacity":"","overlay-gradient":""},"mobile":{"background-color":"","background-image":"","background-repeat":"repeat","background-position":"center center","background-size":"auto","background-attachment":"scroll","background-type":"","background-media":"","overlay-type":"","overlay-color":"","overlay-opacity":"","overlay-gradient":""}},"ast-content-background-meta":{"desktop":{"background-color":"var(--ast-global-color-4)","background-image":"","background-repeat":"repeat","background-position":"center center","background-size":"auto","background-attachment":"scroll","background-type":"","background-media":"","overlay-type":"","overlay-color":"","overlay-opacity":"","overlay-gradient":""},"tablet":{"background-color":"var(--ast-global-color-4)","background-image":"","background-repeat":"repeat","background-position":"center center","background-size":"auto","background-attachment":"scroll","background-type":"","background-media":"","overlay-type":"","overlay-color":"","overlay-opacity":"","overlay-gradient":""},"mobile":{"background-color":"var(--ast-global-color-4)","background-image":"","background-repeat":"repeat","background-position":"center center","background-size":"auto","background-attachment":"scroll","background-type":"","background-media":"","overlay-type":"","overlay-color":"","overlay-opacity":"","overlay-gradient":""}}},"product_brand":[26],"product_cat":[15,19],"product_tag":[],"class_list":{"0":"post-716","1":"product","2":"type-product","3":"status-publish","4":"has-post-thumbnail","6":"product_brand-polo-ralph-lauren","7":"product_cat-bez-kategorii","8":"product_cat-koszule","9":"desktop-align-left","10":"tablet-align-left","11":"mobile-align-left","13":"first","14":"outofstock","15":"sale","16":"sold-individually","17":"shipping-taxable","18":"product-type-simple"},"_links":{"self":[{"href":"https:\/\/ajwear.pl\/index.php?rest_route=\/wp\/v2\/product\/716","targetHints":{"allow":["GET"]}}],"collection":[{"href":"https:\/\/ajwear.pl\/index.php?rest_route=\/wp\/v2\/product"}],"about":[{"href":"https:\/\/ajwear.pl\/index.php?rest_route=\/wp\/v2\/types\/product"}],"replies":[{"embeddable":true,"href":"https:\/\/ajwear.pl\/index.php?rest_route=%2Fwp%2Fv2%2Fcomments&post=716"}],"wp:featuredmedia":[{"embeddable":true,"href":"https:\/\/ajwear.pl\/index.php?rest_route=\/wp\/v2\/media\/704"}],"wp:attachment":[{"href":"https:\/\/ajwear.pl\/index.php?rest_route=%2Fwp%2Fv2%2Fmedia&parent=716"}],"wp:term":[{"taxonomy":"product_brand","embeddable":true,"href":"https:\/\/ajwear.pl\/index.php?rest_route=%2Fwp%2Fv2%2Fproduct_brand&post=716"},{"taxonomy":"product_cat","embeddable":true,"href":"https:\/\/ajwear.pl\/index.php?rest_route=%2Fwp%2Fv2%2Fproduct_cat&post=716"},{"taxonomy":"product_tag","embeddable":true,"href":"https:\/\/ajwear.pl\/index.php?rest_route=%2Fwp%2Fv2%2Fproduct_tag&post=716"}],"curies":[{"name":"wp","href":"https:\/\/api.w.org\/{rel}","templated":true}]}}